w*j - b = 34. Let s = j + 6. What is the tens digit of s?
1
Let w = -355 - -699. What is the units digit of w?
4
Suppose 2*n + 2*u + 10 = 0, n = 3*u - 7*u - 20. Suppose 4*z + 5*r - 138 = 0, 5*r + 0*r + 195 = 5*z. Suppose -4*d + 5*d - z = n. What is the tens digit of d?
3
Let j = -335 - -918. What is the units digit of j?
3
Suppose -4*i + i = 0. Suppose f + 21 - 95 = i. What is the units digit of f?
4
Let p(h) = h**3 - 14*h**2 + 13*h + 3. Let u be p(13). Suppose 2*x = -u*x. Suppose 3*a + 3*y - 33 = 0, 2 = -2*a + 4*y - x*y. What is the units digit of a?
7
Let h = -184 + 107. Let o be 2/(-8) + h/(-4). Suppose -p + o = -7. What is the units digit of p?
6
Let q = -397 - -836. What is the hundreds digit of q?
4
Suppose 0 = p + 4*p - 10. Let t(j) = -3*j**p - 3*j**2 - 6*j + 2*j**2 + 6*j**2. What is the units digit of t(4)?
8
Let g(t) = -t**2 - 2*t + 5. Let k be g(-3). Suppose -k*y + 192 = 4*y. What is the units digit of y?
2
Let h = -483 + 1072. What is the hundreds digit of h?
5
Let g(w) = 85*w**2 - 19*w + 6. What is the tens digit of g(3)?
1
Let s(u) = 10*u**3 - 2*u**2 - u - 2. Suppose 8 = 2*z + 2*z. What is the units digit of s(z)?
8
Suppose 0*b - 2*b = 8. Let t = 1 + b. Let k(x) = -11*x - 10. What is the tens digit of k(t)?
2
Suppose 0 = j + z, j + z - 6*z - 24 = 0. Suppose j*x + 0*n - 11 = -n, -x - 2*n + 1 = 0. Suppose 32 = -h + x*h. What is the units digit of h?
6
Suppose 5*z = 5*g + 580, -2*g - 229 = -2*z - 3*g. Let n = 203 - z. What is the tens digit of n?
8
Let r(f) = 20*f**3 + 4*f**2 + 4*f + 1. Let k be r(-2). Let s = k - -222. What is the tens digit of s?
7
Suppose 0 = -0*r + 3*r - 6. Suppose -12 + 0 = -r*g. What is the tens digit of (408/18)/(4/g)?
3
Let m(s) = 81*s**2 - s + 2. What is the tens digit of m(-1)?
8
Let w(t) = t**3 + 12*t**2 + 2*t - 47. What is the tens digit of w(-11)?
5
Let z(k) = 3*k + 6. Let v be z(-1). Suppose -q + 0*q + u + 22 = 0, v*u = 6. What is the tens digit of q?
2
Let x be -2 + 22/10 - (-1)/(-5). Suppose 6*h - 20 - 142 = x. What is the units digit of h?
7
Let k = 261 + -33. What is the hundreds digit of k?
2
Suppose -12*s + 2668 = 11*s. What is the units digit of s?
6
Suppose 25*d - 3150 = 2600. What is the tens digit of d?
3
Let n be (28/(-16))/(3/(-72)). Suppose -45 = -p + v + n, 5*v = 3*p - 269. What is the units digit of p?
3
Let f = 2447 - 712. What is the tens digit of f?
3
Let h = -15 - -17. Suppose h*t + 3*f = 7*f - 98, t + 4*f = -61. Let r = t - -95. What is the units digit of r?
2
Let j(o) = -5*o + 1. Let s = -2 - -5. Let u be s/(-4) + (-4)/16. What is the units digit of j(u)?
6
Let g(s) = 131*s - 90. What is the tens digit of g(8)?
5
Let c(y) = -3*y - 2. Let p be c(-2). Let d(j) = -1 + 16 + 0*j - p + 4*j. What is the units digit of d(6)?
5
Let f = 809 - 588. What is the tens digit of f?
2
Let m = 7929 - 4007. What is the thousands digit of m?
3
Suppose 12*p + 65 = 7*p. Let v = p + 13. Suppose 4*k + 163 - 7 = 4*f, v = -2*f + 5*k + 69. What is the tens digit of f?
4
Suppose 0 = -4*k + i + 1904, 4*k + 2*i + 758 - 2662 = 0. What is the tens digit of k?
7
Let r = -46 - -46. Suppose r = 2*y - 130 + 12. What is the units digit of y?
9
Suppose -10*h = -5*h - 3240. Suppose 4*z - h = 4*a, -496 = -3*z + a - 0*a. What is the hundreds digit of z?
1
Let i(d) = -d**3 + 14*d**2 + 4. Let t be i(14). Suppose -t*g = -78 - 30. What is the tens digit of g?
2
Let i be (-2)/2*0/21 + -23. What is the hundreds digit of (-2 - 3 - i)/((-3)/(-32))?
1
Let h be (-308)/21 + 2/(-6). Let l be (-115)/h - 4/6. Let q = 52 - l. What is the tens digit of q?
4
Let d = -44 + 41. What is the units digit of 4 + (1 + d - -71)?
3
Let b(w) be the first derivative of w**2/2 + 11*w + 5. Let s be b(-8). Suppose -s*r + 37 = 5*k, r + 3*k = 22 - 7. What is the units digit of r?
9
Let l = 12 - 9. Suppose -w - 10 = -l*v + w, 20 = -4*w. Suppose v = -2*s + 5*q + 13, 3 + 2 = s - q. What is the units digit of s?
4
Let r(c) = 3*c - 7. Let o be r(4). Suppose 5*n - m = -4*m - 8, -o*n + 3*m = 32. What is the tens digit of ((-148)/(-8))/((-2)/n)?
3
Let l(v) = 11*v. Let u be l(9). Suppose u = b + 2*b. Let z = b + -16. What is the tens digit of z?
1
Suppose h + 4*o = 4, 5*h - o - 120 = 4*o. Suppose 3*x = -4 + 1, -3*x + 25 = 4*q. Suppose -y - 2*j = -5*y + h, 0 = y - j - q. What is the units digit of y?
3
Let t be (36/(-10) - -4)/((-1)/20). Let d(r) = 3*r**2 + 6*r + 37. What is the hundreds digit of d(t)?
1
Let x = 81 + -56. Suppose -3*k + x = -w + 2*w, 4*w - 72 = 2*k. What is the tens digit of w?
1
Let i(m) = 2*m**3 - 17*m**2 + 10*m - 15. Let z be i(8). What is the units digit of (-1 + -12)*-13 - (z - 3)?
1
Suppose 10 = -4*d - 2*j - 14, 0 = j. What is the tens digit of ((-112)/d)/((-5)/(-11 - 4))?
5
Suppose 4*l + 5*o + 610 = 0, -5*l + 3*o = -l + 626. Let t = 355 + l. What is the units digit of t?
0
Let r be (-6)/2 + 7 - -1*16. Suppose p - 52 - r = 0. What is the units digit of p?
2
Let o(f) = 2*f - 1. Let z be o(2). Let w(t) = -2*t**3 + 0*t**3 + 5 + 7*t**2 + 0*t**2 + t**z - 8*t. What is the tens digit of w(4)?
2
What is the tens digit of -3 + 1/(1*(-2)/(-354))?
7
Let l(h) = h**2 - 3*h - 6. Let v be l(5). Let n(z) = -z - 5. Let r be n(v). Let x = 1 - r. What is the tens digit of x?
1
Suppose -d = 2*d + 18. What is the units digit of (-16)/(-10)*(-255)/d?
8
Suppose -156 = -4*k - 616. Let t = k + 217. What is the hundreds digit of t?
1
Suppose -9*t - 2520 = -15*t. What is the hundreds digit of t?
4
Let r(i) = -i**2 - 61*i + 201. What is the thousands digit of r(-40)?
1
Let n = 54 + -84. Let y be (-1 + 3)/((-12)/n). Suppose -y*o + 125 + 55 = 0. What is the units digit of o?
6
What is the tens digit of 3/2*146828/66?
3
Suppose -5*q + 24462 = -3*d + 6*d, -4 = -d. What is the tens digit of q?
9
Let l(f) = -2*f**3 + 1 - 6*f + 5*f - 1. Let j be l(-1). Suppose q = -j + 33. What is the tens digit of q?
3
Let x(z) = -z**3 + 11*z**2 - 8*z - 1. Let u be (-7)/((-105)/(-9))*-15. What is the tens digit of x(u)?
8
Suppose -w + 7013 = 2*x, -2*x = -6*x + 3*w + 14021. What is the units digit of x?
6
Suppose 5*v = -2*a + 92, a - 18 - 28 = -3*v. Suppose 2*w + a = r - 2*w, -4*w = 16. What is the tens digit of r?
3
Let w = -137 - -141. Let x(g) be the second derivative of g**3/2 + 2*g**2 + g. What is the tens digit of x(w)?
1
Suppose 2*i - c - 132 = 0, -15 - 29 = -i - 5*c. Suppose 2*x - 106 = -5*w, -22 = 2*w + x - i. Let z = w + -5. What is the tens digit of z?
1
Let z(v) = v**3 + 15*v**2 + 10*v + 7. What is the units digit of z(-6)?
1
Suppose -38*m = -114*m + 133304. What is the hundreds digit of m?
7
Suppose 10 + 18 = 7*m. Suppose -p - z - 5 = -30, -5*p - m*z = -126. What is the units digit of p?
6
Let b(i) be the first derivative of i**3 - i**2/2 - i - 2. Let k(u) = u**2 + 4*u - 3. Let s be k(-5). What is the units digit of b(s)?
9
Suppose 0 = 76*z - 81*z + 3295. What is the hundreds digit of z?
6
Let j(o) = -2*o**2 + 9*o + 18. Let c be j(6). Let u(q) = 31*q**2 + 4*q + 2. Let b be u(-2). Suppose -4*z - 30 + b = c. What is the units digit of z?
2
Let u = 6 - 7. Let b be 5/10*(u - -1). Suppose b*g - 27 = -g. What is the tens digit of g?
2
Suppose 51*x - 30*x = 9240. What is the hundreds digit of x?
4
Let v = -19 - -10. Let o = 110 - 52. Let n = o + v. What is the units digit of n?
9
Suppose 23*y - 8519 = 17172. What is the hundreds digit of y?
1
Suppose v - 1273 = -2*u, -4*v = 7*u - 6*u - 5113. What is the units digit of v?
9
Suppose -5*i - 8 = -4*y, -8*y + 2*i = -3*y - 10. Let r(n) = -4*n + 2. Let f be r(4). Let x = y - f. What is the units digit of x?
6
Let n = -3449 + 6093. What is the tens digit of n?
4
Let s(w) = 8*w**3 - w**2 - w + 2. Let d be s(2). Suppose -4*v - d = -0*v. Let g = -1 - v. What is the units digit of g?
4
What is the tens digit of (-56)/(-42)*(3361 + -4)?
7
Let t be 28/7 + -1 + 0. What is the tens digit of 17/(-4 + t + 2)?
1
Let t(b) = -2*b**2 + 5*b + 10. Let s be t(-8). Let j = s + 249. What is the units digit of j?
1
Suppose 407 = 3*u + m, -3*u - 2*m + 409 = -0*u. What is the hundreds digit of u?
1
Suppose 4*u + 3182 = -5050. What is the units digit of ((-8)/(-6))/(7/(u/(-4)))?
8
Let g be 8/36 + (-8094)/(-27). Suppose -3*n - 9*n = -g. What is the units digit of n?
5
Let k = 85 + -396. Let n = -183 - k. What is the units digit of n?
8
Let y(v) be the third deriva